d 18.
9
Let v be 1 - -1 - (-1 + 1). Let n be 384/(-18) - v/(-6). Let u = n - -29. Calculate the greatest common factor of u and 20.
4
Let h(d) = -d**3 + 10*d**2 + 9*d - 8. Let k be h(9). Calculate the greatest common factor of k and 14.
14
Suppose -2*u = u - 6. Suppose -u*f = -1 - 5. Suppose f*h + h = -v + 34, 43 = 5*h + v. What is the greatest common factor of h and 1?
1
Suppose 21 = 6*n - 3*n + 2*l, n - 7 = -4*l. Suppose -5*m = 5*z - 340, 5*z - 113 = -2*m + 38. What is the highest common divisor of n and m?
7
Suppose 0 = 2*p + 6, -3*s + 8*p = 4*p - 132. Let c = -26 - -15. Let t = c + 19. Calculate the highest common divisor of t and s.
8
Let m be (-370)/2*(-11 - -10). What is the highest common divisor of 74 and m?
37
Suppose -4*d - 728 = -18*d. What is the greatest common factor of 13 and d?
13
Let f be (-2 - ((-3 - 2) + 2)) + 12. Suppose -2*m = -8, 5*d + 5*m + 18 - 298 = 0. What is the greatest common factor of d and f?
13
Let l(q) = 3*q**2 + 2*q - 2. Let v be l(2). Let o be 3/((-27)/(-105))*3. What is the greatest common divisor of o and v?
7
Suppose 2*p + 2*p - 4*g - 32 = 0, 5*p + 2*g - 54 = 0. What is the highest common factor of p and 10?
10
Let w = -30 + 45. What is the greatest common factor of w and 10?
5
Suppose -3*k - 4*p + 43 = p, 2*k - 12 = 5*p. Suppose l = -0*l + 121. What is the highest common divisor of l and k?
11
Let q(d) = d**2 + 8*d - 13. Let c be q(-10). Calculate the greatest common divisor of 21 and c.
7
Suppose 0 = 2*d - 5*d - 30. Let l(p) = -p - 7. Let g be l(d). Suppose -2*y + g*y - 8 = 0. What is the greatest common divisor of 56 and y?
8
Let c be (-102)/3*-1*(-4)/(-8). Calculate the highest common divisor of 17 and c.
17
Let q(l) = l**3 + 9*l**2 + 8*l - 1. Let v be q(-7). Suppose 0 = -4*h - 5*c + 94, 3*h + c = 24 + v. Calculate the highest common divisor of 21 and h.
21
Let c = 11 - -18. What is the highest common factor of 29 and c?
29
Let x = -53 - -74. Let q = 9 + -5. Let y be q/14 + 351/x. What is the highest common divisor of 17 and y?
17
Suppose 2*w - 66 = -0*w. Let n = -9 + 11. Let v(t) = 5*t**2 + 2*t - 2. Let y be v(n). What is the greatest common factor of w and y?
11
Let b(o) = -24*o**3. Let l be b(1). Let p = l + 37. What is the highest common divisor of 13 and p?
13
Let g be (-3)/(9/(-3))*14. Let k = g + -9. Suppose 3*o - k*o + 8 = 0. What is the greatest common divisor of 4 and o?
4
Let p be 6/(-10) + (-1332)/(-20). Suppose -6*n = -2*n - 176. Calculate the greatest common divisor of n and p.
22
Suppose x - s = -6 + 19, 4*s = -3*x + 74. What is the greatest common factor of x and 18?
18
Suppose 3*b + 3*l - 91 = 44, 0 = -3*l. Let x be 4/(-10) - 113/5. Let n = x + b. What is the highest common divisor of n and 11?
11
Suppose 2*m = 7*m + 15. Let c(f) = -7*f**3 + f**2 + 4*f + 4. Let z be c(m). What is the greatest common factor of 19 and z?
19
Suppose 5*x + x - 12 = 0. Calculate the highest common factor of x and 8.
2
Let z be 4875/25*(8/6 - 1). What is the highest common factor of 13 and z?
13
Let p = 4 + 3. Let i = 12 - p. Let m(o) = 2*o**2 + 2. Let a be m(-2). Calculate the highest common factor of a and i.
5
Let z be 8 - (-2 + 9/3). Let w be 0 + -17*(-1 + -4). Let g = w - z. What is the greatest common factor of 13 and g?
13
Suppose 36 = 4*f - 5*s, 5*f + 0*s + 4*s - 4 = 0. Suppose 4*c = 5*z + 206, -4*c = f*z - 72 - 152. What is the greatest common factor of c and 6?
6
Let l(f) = -3*f - 3. Let a be l(-2). Suppose 0 = t - a*t + 264. Suppose -5*n - 54 + 7 = -2*x, -2*n = 5*x - t. What is the greatest common divisor of 13 and x?
13
Let i = 45 - 27. Calculate the highest common divisor of i and 54.
18
Let i = 25 + -9. What is the highest common divisor of i and 112?
16
Let j(f) = -f**3 - f**2 - 2. Let c be j(-2). Suppose c*y - 4*y + 40 = 0. What is the highest common factor of 4 and y?
4
Let l = 6 - 3. Suppose -8*j + 60 = -l*j. What is the highest common factor of 3 and j?
3
Let r be 416/6*2/(8/21). Calculate the highest common factor of 28 and r.
28
Let v = 11 - 7. Suppose 5*h = -4*n - 314, -3*h + 8*h - n = -309. Let b = h - -98. What is the greatest common divisor of v and b?
4
Let o(h) = -16*h. Let g be o(-2). Let v be (-12)/(-9)*(-6)/4. Let u = 50 + v. Calculate the highest common divisor of u and g.
16
Let u = 7 + -5. Suppose -u*n + 3*n - 44 = 0. What is the highest common factor of 4 and n?
4
Let n = 38 - 20. Let j(y) = y**3 - 5*y**2 + 3*y - 9. Let g be j(6). Calculate the highest common divisor of g and n.
9
Let q(c) = -2*c + 0*c + c**2 - 2*c + 3. Let u be q(5). Let r be (-6)/u - (-120)/32. Calculate the highest common factor of 9 and r.
3
Let u(d) = -d**3 - 7*d**2 - 7*d + 1. Let s be u(-6). Suppose 2*g - 23 = -s. Suppose 0 = -c + 27 - 11. What is the greatest common factor of c and g?
8
Suppose -5*g = -10*g + 420. What is the greatest common divisor of 12 and g?
12
Suppose 2*t - 7*t + 60 = 0. What is the greatest common factor of t and 12?
12
Suppose 5*p - 18 = 17. What is the greatest common factor of 1 and p?
1
Let g = -30 + 54. Calculate the greatest common divisor of g and 120.
24
Let u = -7 - -7. Suppose 3*d + d - 340 = u. What is the greatest common divisor of d and 34?
17
Suppose 0 = 3*i - 6. Let m = 1 + i. Let q be (8/m)/(2/3). What is the greatest common factor of q and 8?
4
Let u = 11 + -6. Suppose -125 = -u*p + 35. Let f be (3/2)/(6/p). Calculate the greatest common factor of 24 and f.
8
Let z be (14/3 - 4)*15. Calculate the highest common divisor of 5 and z.
5
Suppose -3*m + 46 = -b + 3*b, 3*m - 43 = -5*b. Calculate the greatest common divisor of 160 and m.
16
Suppose l + 60 = -2*l. Let v = -10 - l. Calculate the highest common divisor of v and 10.
10
Let t be 2 + -2 + -4 - -28. What is the greatest common factor of 192 and t?
24
Let m = -29 - -40. What is the greatest common factor of 44 and m?
11
Let p be (-1)/(-6) + (-489)/18. Let k = p - -63. Suppose -z - z = -k. Calculate the highest common divisor of 2 and z.
2
Let v(s) = -s**2 - s + 2. Let t be v(-2). Suppose -c + t*c - 4 = 0. Let b be (21/c)/(3/(-36)). What is the highest common factor of 7 and b?
7
Let k be 28/3 - (-22)/33. Let x(r) = -28*r - 2. Let n be x(-4). What is the greatest common factor of n and k?
10
Let n be 4/(-22) + (-570)/(-110). Suppose 86 = n*i - 29. Calculate the highest common factor of i and 161.
23
Suppose 2*c + 52 = 202. What is the greatest common factor of c and 30?
15
Let v = -20 - -26. Let c be (-45)/(-12) - v/(-24). Calculate the highest common factor of 10 and c.
2
Suppose -z + 4*d + 36 = 0, 167 = 4*z - 3*d + 36. Suppose -10*y + 88 = y. What is the greatest common factor of z and y?
8
Let n be (3/(-5))/((-3)/45). Let s be (n/(-5))/((-6)/90). What is the greatest common factor of s and 270?
27
Let a = 133 - 84. What is the greatest common factor of a and 7?
7
Suppose 2*m = 5*g - 2*m - 32, 4*g - 2*m = 22. Let y be -1*2*(-2)/g. What is the greatest common factor of 5 and y?
1
Suppose -3*l - 10 + 37 = 0. Suppose -3*i = -2*i - 63. What is the greatest common factor of l and i?
9
Let w be (-2)/5*(-9 - 1). Suppose 0 = -5*u + 3*u. Suppose -4 = -w*g - u. What is the highest common divisor of g and 1?
1
Suppose -i = -4*w + 372, 2*w - w + 5*i = 72. Suppose 2*l = -3*n + 321, -l + 5*n = -w - 36. What is the greatest common divisor of 17 and l?
17
Let a = -30 + 43. What is the greatest common factor of a and 13?
13
Let m be (1 + -8 - 0)*-8. Suppose -4 - 8 = -3*q. Suppose 2*k + 0 = q*i - 6, 5*k - 20 = 3*i. Calculate the highest common divisor of m and k.
7
Let x(j) = 13*j**2 + j. Let h(g) = g + 2. Let a be h(-3). Let l be x(a). Let s = 23 - l. What is the greatest common divisor of s and 55?
11
Suppose -3*p + q + 49 = -0*p, -4*p + 2*q + 66 = 0. Let s = -54 - -31. Let x = 25 + s. What is the highest common factor of x and p?
2
Suppose -17*c + 5*c + 84 = 0. Calculate the greatest common factor of 77 and c.
7
Let h be -2 + -2 + 3 + 26. Suppose 2*u = -3*u + h. Let t(r) = -r**3 - 13*r**2 + 13*r - 9. Let q be t(-14). Calculate the greatest common divisor of q and u.
5
Suppose -110 = -2*q - 2*b - 2*b, -5*q + 259 = 2*b. What is the highest common factor of 561 and q?
51
Suppose -5*c - 33 = -183. What is the highest common factor of 45 and c?
15
Let o = 64 + -39. What is the greatest common factor of o and 25?
25
Suppose 